tors of 174385193.
174385193
What are the prime factors of 1019204509?
1019204509
What are the prime factors of 100496710?
2, 5, 10049671
What are the prime factors of 79554347?
79554347
List the prime factors of 17051100.
2, 3, 5, 11, 5167
What are the prime factors of 14975032?
2, 1871879
List the prime factors of 1106828932.
2, 11, 25155203
List the prime factors of 12511481.
19, 59, 11161
List the prime factors of 3161913630.
2, 3, 5, 105397121
List the prime factors of 208804253.
7, 173, 172423
List the prime factors of 74709031.
37, 313, 6451
List the prime factors of 282542183.
7, 11, 524197
What are the prime factors of 16718370?
2, 3, 5, 47, 71, 167
List the prime factors of 2864248151.
41, 821, 85091
What are the prime factors of 326393724?
2, 3, 29, 37, 25349
What are the prime factors of 462299309?
17, 197, 138041
What are the prime factors of 24942255?
3, 5, 13, 37, 3457
List the prime factors of 108756016.
2, 6797251
What are the prime factors of 596079251?
61, 197, 49603
What are the prime factors of 9487213106?
2, 7, 47, 2059751
What are the prime factors of 1039785311?
23, 1367, 33071
List the prime factors of 151066861.
11, 2251, 6101
List the prime factors of 1580312498.
2, 19, 331, 125641
What are the prime factors of 111092691?
3, 23, 109, 14771
What are the prime factors of 297222012?
2, 3, 61, 135347
What are the prime factors of 56032966?
2, 11, 983, 2591
What are the prime factors of 528314215?
5, 11, 13, 631, 1171
What are the prime factors of 1137924381?
3, 11, 37, 379, 2459
What are the prime factors of 3490606034?
2, 7027, 248371
List the prime factors of 3101488622.
2, 1550744311
What are the prime factors of 14734853?
7, 43, 48953
What are the prime factors of 84196379?
84196379
List the prime factors of 3532070663.
11, 3673, 87421
List the prime factors of 1285379570.
2, 5, 128537957
What are the prime factors of 165487629?
3, 55162543
List the prime factors of 5885499367.
11, 73, 151, 48539
List the prime factors of 22144339.
7, 761, 4157
What are the prime factors of 46876009?
53, 884453
List the prime factors of 4094843255.
5, 818968651
List the prime factors of 594786501.
3, 1759, 37571
List the prime factors of 654274654.
2, 11, 31, 61, 15727
What are the prime factors of 577975030?
2, 5, 57797503
List the prime factors of 5505699991.
11, 47, 59, 180497
What are the prime factors of 27370164?
2, 3, 2280847
List the prime factors of 372876000.
2, 3, 5, 7, 23, 193
List the prime factors of 121997969.
3631, 33599
What are the prime factors of 519684333?
3, 7, 19, 23, 56629
List the prime factors of 1340437810.
2, 5, 134043781
What are the prime factors of 636485727?
3, 212161909
List the prime factors of 83714411.
11, 23, 330887
What are the prime factors of 405344601?
3, 15012763
What are the prime factors of 10620256?
2, 331883
What are the prime factors of 110061422?
2, 55030711
List the prime factors of 88469305.
5, 109, 271, 599
What are the prime factors of 1240429867?
41, 30254387
List the prime factors of 689844202.
2, 12841, 26861
What are the prime factors of 2262875871?
3, 3943, 191299
List the prime factors of 44795301.
3, 137, 108991
What are the prime factors of 464435222?
2, 232217611
List the prime factors of 120314488.
2, 7, 2148473
List the prime factors of 65958520.
2, 5, 1648963
What are the prime factors of 64085676?
2, 3, 197, 27109
What are the prime factors of 220516151?
47, 523, 8971
List the prime factors of 392049153.
3, 1613371
List the prime factors of 3932780132.
2, 19, 29, 113, 15791
List the prime factors of 17478043.
11, 19, 241, 347
List the prime factors of 61514122.
2, 83, 263, 1409
What are the prime factors of 7239655656?
2, 3, 100550773
List the prime factors of 583727878.
2, 17, 83, 131, 1579
What are the prime factors of 123439055?
5, 31, 137, 5813
What are the prime factors of 61414763?
61414763
List the prime factors of 6533403572.
2, 97, 1303, 12923
What are the prime factors of 1374443242?
2, 19, 1903661
What are the prime factors of 295727490?
2, 3, 5, 1095287
List the prime factors of 842587087.
859, 980893
What are the prime factors of 48656709?
3, 41, 131861
What are the prime factors of 99949027?
99949027
List the prime factors of 328474728.
2, 3, 47, 113, 859
What are the prime factors of 221769487?
163, 167, 8147
List the prime factors of 100842346.
2, 11, 73, 62791
What are the prime factors of 276036863?
1667, 165589
List the prime factors of 796655822.
2, 137, 577, 5039
What are the prime factors of 4982097032?
2, 11, 56614739
What are the prime factors of 5622454?
2, 2811227
List the prime factors of 915562467.
3, 33909721
List the prime factors of 2432120621.
7, 2207, 157429
List the prime factors of 262873403.
13, 613, 32987
List the prime factors of 1019773793.
23, 44337991
List the prime factors of 1941670925.
5, 23, 3376819
What are the prime factors of 183025535?
5, 7, 11, 113, 601
What are the prime factors of 5591271620?
2, 5, 11, 25414871
What are the prime factors of 16264824?
2, 3, 29, 23369
List the prime factors of 330748931.
131, 601, 4201
What are the prime factors of 14598083?
14598083
List the prime factors of 3170010689.
17, 186471217
What are the prime factors of 412347137?
412347137
What are the prime factors of 74593915?
5, 11, 1356253
List the prime factors of 108258910.
2, 5, 10825891
List the prime factors of 160021118.
2, 80010559
List the prime factors of 39749432.
2, 4968679
List the prime factors of 1346242633.
1346242633
List the prime factors of 4453419094.
2, 2226709547
List the prime factors of 78832065.
3, 5, 13, 404267
List the prime factors of 1692668036.
2, 17, 3659, 6803
List the prime factors of 84947460.
2, 3, 5, 13, 108907
What are the prime factors of 78205294?
2, 61, 269, 2383
What are the prime factors of 1492870714?
2, 9431, 79147
What are the prime factors of 1425990704?
2, 89124419
List the prime factors of 35114607.
3, 11, 137, 863
List the prime factors of 4804853294.
2, 3217, 746791
List the prime factors of 1260430594.
2, 139, 1549, 2927
List the prime factors of 2018660029.
1249, 1616221
What are the prime factors of 35790099?
3, 647, 18439
List the prime factors of 39250101.
3, 11, 108127
What are the prime factors of 20164614?
2, 3, 3360769
What are the prime factors of 23199632?
2, 1449977
List the prime factors of 258974295.
3, 5, 3517, 4909
What are the prime factors of 3002216302?
2, 79, 277, 68597
What are the prime factors of 20654824?
2, 19, 135887
List the prime factors of 94388567.
7, 13, 167, 6211
What are the prime factors of 2119862393?
11, 192714763
List the prime factors of 36999585.
3, 5, 7, 31, 421
List the prime factors of 14882.
2, 7, 1063
List the prime factors of 355593786.
2, 3, 2153, 27527
What are the prime factors of 2604449406?
2, 3, 13, 71, 79, 5953
What are the prime factors of 6639540990?
2, 3, 5, 43, 157, 32783
What are the prime factors of 3181764?
2, 3, 29, 41, 223
List the prime factors of 23949602.
2, 47, 254783
What are the prime factors of 1638475003?
11, 2953, 50441
What are the prime factors of 111024548?
2, 59, 470443
What are the prime factors of 128381974?
2, 7, 19, 31, 15569
List the prime factors of 203987721.
3, 7, 59, 61, 2699
What are the prime factors of 446509484?
2, 111627371
List the prime factors of 1660834959.
3, 7, 29, 317, 1229
What are the prime factors of 217364614?
2, 59, 1842073
What are the prime factors of 546712767?
3, 557, 36353
What are the prime factors of 440758972?
2, 89, 1238087
List the prime factors of 956768676.
2, 3, 157, 507839
What are the prime factors of 284696542?
2, 13, 10949867
What are the prime factors of 9707733?
3, 7, 22013
List the prime factors of 58364504.
2, 11, 19, 67, 521
What are the prime factors of 961863234?
2, 3, 103, 1556413
List the prime factors of 4365501255.
3, 5, 43, 2256073
What are the prime factors of 231025810?
2, 5, 1187, 19463
What are the prime factors of 2343553?
2343553
List the prime factors of 91024406.
2, 11, 4137473
What are the prime factors of 579614883?
3, 659, 293179
List the prime factors of 585281227.
8933, 65519
What are the prime factors of 43985188?
2, 13, 17, 49757
What are the prime factors of 789986597?
789986597
What are the prime factors of 31491878?
2, 11, 1431449
List the p